{"id":4356,"date":"2022-06-14T08:58:06","date_gmt":"2022-06-14T08:58:06","guid":{"rendered":"https:\/\/cajas.essedi.es\/?post_type=product&#038;p=4356"},"modified":"2023-07-11T15:26:54","modified_gmt":"2023-07-11T15:26:54","slug":"caja-para-capot-porton","status":"publish","type":"product","link":"https:\/\/www.embalafacil.es\/?product=caja-para-capot-porton","title":{"rendered":"Caja Capot o Port\u00f3n"},"content":{"rendered":"<p>Dale al play para ver el montaje de la caja:<\/p>\n<div style=\"width: 1200px;\" class=\"wp-video\"><video class=\"wp-video-shortcode\" id=\"video-4356-1\" width=\"1200\" height=\"675\" preload=\"metadata\" controls=\"controls\"><source type=\"video\/mp4\" src=\"https:\/\/embalafacil.es\/wp-content\/uploads\/capot-porton-.mp4?_=1\" \/><a href=\"https:\/\/embalafacil.es\/wp-content\/uploads\/capot-porton-.mp4\">https:\/\/embalafacil.es\/wp-content\/uploads\/capot-porton-.mp4<\/a><\/video><\/div>\n<p>Este tama\u00f1o de caja es adecuado para multiusos.<\/p>\n<p>Nuestras cajas de cart\u00f3n son reciclables, con reutilizaci\u00f3n de materiales.<\/p>\n<p><b>Ventajas<\/b><\/p>\n<ul>\n<li>Calidad constante<\/li>\n<li>Alto gramaje<\/li>\n<li>Dise\u00f1o compacto<\/li>\n<li>Formatos especiales y sobreimpresi\u00f3n disponibles a demanda, \u00a1ll\u00e1menos!<\/li>\n<\/ul>\n<p><strong>Material:<\/strong><\/p>\n<ul>\n<li>Cart\u00f3n ondulado de 2 ondas<\/li>\n<li><strong>Cierre<\/strong>\u00a0de solapas con\u00a0<strong>cinta adhesiva<\/strong>.<\/li>\n<\/ul>\n<p><img decoding=\"async\" class=\"aligncenter wp-image-4358 size-medium_large\" src=\"https:\/\/embalafacil.es\/wp-content\/uploads\/capotppal-768x576.jpg\" alt=\"\" width=\"100%\" \/><\/p>\n","protected":false},"excerpt":{"rendered":"<p><img loading=\"lazy\" decoding=\"async\" class=\"size-medium wp-image-4253 alignleft\" src=\"https:\/\/embalafacil.es\/wp-content\/uploads\/logo-producto-463x400.png\" alt=\"\" width=\"119\" height=\"102\" \/><\/p>\n<p><strong>Esta caja ha sido comprobada\u00a0\u00a0<\/strong><\/p>\n<p><strong>por empresas del sector automovil\u00edstico.<\/strong><\/p>\n<p>&nbsp;<\/p>\n<p>&nbsp;<\/p>\n<ul>\n<li>Ideal para capos , portones y tapicer\u00eda<\/li>\n<li>Medida lineal 3,15m<\/li>\n<li>Volumen c\u00fabico total 0,516m3<\/li>\n<li>La caja es modificable<\/li>\n<li>Alto gramaje<\/li>\n<li>Dise\u00f1o compacto<\/li>\n<li>100% reciclable<\/li>\n<\/ul>\n","protected":false},"featured_media":4366,"comment_status":"open","ping_status":"closed","template":"","meta":[],"product_brand":[],"product_cat":[154,163],"product_tag":[],"class_list":["post-4356","product","type-product","status-publish","has-post-thumbnail","product_cat-automocion","product_cat-cajas-grandes","product_shipping_class-envio-por-unidades-seleccionadas","first","instock","taxable","shipping-taxable","purchasable","product-type-simple"],"yoast_head":"<!-- This site is optimized with the Yoast SEO plugin v24.9 - https:\/\/yoast.com\/wordpress\/plugins\/seo\/ -->\n<title>Caja Capot o Port\u00f3n - Cajas<\/title>\n<meta name=\"robots\" content=\"index, follow, max-snippet:-1, max-image-preview:large, max-video-preview:-1\" \/>\n<link rel=\"canonical\" href=\"https:\/\/www.embalafacil.es\/?product=caja-para-capot-porton\" \/>\n<meta property=\"og:locale\" content=\"es_ES\" \/>\n<meta property=\"og:type\" content=\"article\" \/>\n<meta property=\"og:title\" content=\"Caja Capot o Port\u00f3n - Cajas\" \/>\n<meta property=\"og:description\" content=\"Esta caja ha sido comprobada\u00a0\u00a0  por empresas del sector automovil\u00edstico.  &nbsp;  &nbsp;   Ideal para capos , portones y tapicer\u00eda  Medida lineal 3,15m  Volumen c\u00fabico total 0,516m3  La caja es modificable  Alto gramaje  Dise\u00f1o compacto  100% reciclable\" \/>\n<meta property=\"og:url\" content=\"https:\/\/www.embalafacil.es\/?product=caja-para-capot-porton\" \/>\n<meta property=\"og:site_name\" content=\"Cajas\" \/>\n<meta property=\"article:modified_time\" content=\"2023-07-11T15:26:54+00:00\" \/>\n<meta property=\"og:image\" content=\"https:\/\/www.embalafacil.es\/wp-content\/uploads\/porton2.jpg\" \/>\n\t<meta property=\"og:image:width\" content=\"2016\" \/>\n\t<meta property=\"og:image:height\" content=\"1512\" \/>\n\t<meta property=\"og:image:type\" content=\"image\/jpeg\" \/>\n<meta name=\"twitter:card\" content=\"summary_large_image\" \/>\n<script type=\"application\/ld+json\" class=\"yoast-schema-graph\">{\"@context\":\"https:\/\/schema.org\",\"@graph\":[{\"@type\":\"WebPage\",\"@id\":\"https:\/\/www.embalafacil.es\/?product=caja-para-capot-porton\",\"url\":\"https:\/\/www.embalafacil.es\/?product=caja-para-capot-porton\",\"name\":\"Caja Capot o Port\u00f3n - Cajas\",\"isPartOf\":{\"@id\":\"https:\/\/www.embalafacil.es\/#website\"},\"primaryImageOfPage\":{\"@id\":\"https:\/\/www.embalafacil.es\/?product=caja-para-capot-porton#primaryimage\"},\"image\":{\"@id\":\"https:\/\/www.embalafacil.es\/?product=caja-para-capot-porton#primaryimage\"},\"thumbnailUrl\":\"https:\/\/www.embalafacil.es\/wp-content\/uploads\/porton2.jpg\",\"datePublished\":\"2022-06-14T08:58:06+00:00\",\"dateModified\":\"2023-07-11T15:26:54+00:00\",\"breadcrumb\":{\"@id\":\"https:\/\/www.embalafacil.es\/?product=caja-para-capot-porton#breadcrumb\"},\"inLanguage\":\"es\",\"potentialAction\":[{\"@type\":\"ReadAction\",\"target\":[\"https:\/\/www.embalafacil.es\/?product=caja-para-capot-porton\"]}]},{\"@type\":\"ImageObject\",\"inLanguage\":\"es\",\"@id\":\"https:\/\/www.embalafacil.es\/?product=caja-para-capot-porton#primaryimage\",\"url\":\"https:\/\/www.embalafacil.es\/wp-content\/uploads\/porton2.jpg\",\"contentUrl\":\"https:\/\/www.embalafacil.es\/wp-content\/uploads\/porton2.jpg\",\"width\":2016,\"height\":1512},{\"@type\":\"BreadcrumbList\",\"@id\":\"https:\/\/www.embalafacil.es\/?product=caja-para-capot-porton#breadcrumb\",\"itemListElement\":[{\"@type\":\"ListItem\",\"position\":1,\"name\":\"Portada\",\"item\":\"https:\/\/www.embalafacil.es\/\"},{\"@type\":\"ListItem\",\"position\":2,\"name\":\"Tienda\",\"item\":\"https:\/\/www.embalafacil.es\/?page_id=6\"},{\"@type\":\"ListItem\",\"position\":3,\"name\":\"Caja Capot o Port\u00f3n\"}]},{\"@type\":\"WebSite\",\"@id\":\"https:\/\/www.embalafacil.es\/#website\",\"url\":\"https:\/\/www.embalafacil.es\/\",\"name\":\"Cajas\",\"description\":\"Cartonajes y servicios de packaging\",\"potentialAction\":[{\"@type\":\"SearchAction\",\"target\":{\"@type\":\"EntryPoint\",\"urlTemplate\":\"https:\/\/www.embalafacil.es\/?s={search_term_string}\"},\"query-input\":{\"@type\":\"PropertyValueSpecification\",\"valueRequired\":true,\"valueName\":\"search_term_string\"}}],\"inLanguage\":\"es\"}]}<\/script>\n<!-- \/ Yoast SEO plugin. -->","yoast_head_json":{"title":"Caja Capot o Port\u00f3n - Cajas","robots":{"index":"index","follow":"follow","max-snippet":"max-snippet:-1","max-image-preview":"max-image-preview:large","max-video-preview":"max-video-preview:-1"},"canonical":"https:\/\/www.embalafacil.es\/?product=caja-para-capot-porton","og_locale":"es_ES","og_type":"article","og_title":"Caja Capot o Port\u00f3n - Cajas","og_description":"Esta caja ha sido comprobada\u00a0\u00a0  por empresas del sector automovil\u00edstico.  &nbsp;  &nbsp;   Ideal para capos , portones y tapicer\u00eda  Medida lineal 3,15m  Volumen c\u00fabico total 0,516m3  La caja es modificable  Alto gramaje  Dise\u00f1o compacto  100% reciclable","og_url":"https:\/\/www.embalafacil.es\/?product=caja-para-capot-porton","og_site_name":"Cajas","article_modified_time":"2023-07-11T15:26:54+00:00","og_image":[{"width":2016,"height":1512,"url":"https:\/\/www.embalafacil.es\/wp-content\/uploads\/porton2.jpg","type":"image\/jpeg"}],"twitter_card":"summary_large_image","schema":{"@context":"https:\/\/schema.org","@graph":[{"@type":"WebPage","@id":"https:\/\/www.embalafacil.es\/?product=caja-para-capot-porton","url":"https:\/\/www.embalafacil.es\/?product=caja-para-capot-porton","name":"Caja Capot o Port\u00f3n - Cajas","isPartOf":{"@id":"https:\/\/www.embalafacil.es\/#website"},"primaryImageOfPage":{"@id":"https:\/\/www.embalafacil.es\/?product=caja-para-capot-porton#primaryimage"},"image":{"@id":"https:\/\/www.embalafacil.es\/?product=caja-para-capot-porton#primaryimage"},"thumbnailUrl":"https:\/\/www.embalafacil.es\/wp-content\/uploads\/porton2.jpg","datePublished":"2022-06-14T08:58:06+00:00","dateModified":"2023-07-11T15:26:54+00:00","breadcrumb":{"@id":"https:\/\/www.embalafacil.es\/?product=caja-para-capot-porton#breadcrumb"},"inLanguage":"es","potentialAction":[{"@type":"ReadAction","target":["https:\/\/www.embalafacil.es\/?product=caja-para-capot-porton"]}]},{"@type":"ImageObject","inLanguage":"es","@id":"https:\/\/www.embalafacil.es\/?product=caja-para-capot-porton#primaryimage","url":"https:\/\/www.embalafacil.es\/wp-content\/uploads\/porton2.jpg","contentUrl":"https:\/\/www.embalafacil.es\/wp-content\/uploads\/porton2.jpg","width":2016,"height":1512},{"@type":"BreadcrumbList","@id":"https:\/\/www.embalafacil.es\/?product=caja-para-capot-porton#breadcrumb","itemListElement":[{"@type":"ListItem","position":1,"name":"Portada","item":"https:\/\/www.embalafacil.es\/"},{"@type":"ListItem","position":2,"name":"Tienda","item":"https:\/\/www.embalafacil.es\/?page_id=6"},{"@type":"ListItem","position":3,"name":"Caja Capot o Port\u00f3n"}]},{"@type":"WebSite","@id":"https:\/\/www.embalafacil.es\/#website","url":"https:\/\/www.embalafacil.es\/","name":"Cajas","description":"Cartonajes y servicios de packaging","potentialAction":[{"@type":"SearchAction","target":{"@type":"EntryPoint","urlTemplate":"https:\/\/www.embalafacil.es\/?s={search_term_string}"},"query-input":{"@type":"PropertyValueSpecification","valueRequired":true,"valueName":"search_term_string"}}],"inLanguage":"es"}]}},"_links":{"self":[{"href":"https:\/\/www.embalafacil.es\/index.php?rest_route=\/wp\/v2\/product\/4356","targetHints":{"allow":["GET"]}}],"collection":[{"href":"https:\/\/www.embalafacil.es\/index.php?rest_route=\/wp\/v2\/product"}],"about":[{"href":"https:\/\/www.embalafacil.es\/index.php?rest_route=\/wp\/v2\/types\/product"}],"replies":[{"embeddable":true,"href":"https:\/\/www.embalafacil.es\/index.php?rest_route=%2Fwp%2Fv2%2Fcomments&post=4356"}],"wp:featuredmedia":[{"embeddable":true,"href":"https:\/\/www.embalafacil.es\/index.php?rest_route=\/wp\/v2\/media\/4366"}],"wp:attachment":[{"href":"https:\/\/www.embalafacil.es\/index.php?rest_route=%2Fwp%2Fv2%2Fmedia&parent=4356"}],"wp:term":[{"taxonomy":"product_brand","embeddable":true,"href":"https:\/\/www.embalafacil.es\/index.php?rest_route=%2Fwp%2Fv2%2Fproduct_brand&post=4356"},{"taxonomy":"product_cat","embeddable":true,"href":"https:\/\/www.embalafacil.es\/index.php?rest_route=%2Fwp%2Fv2%2Fproduct_cat&post=4356"},{"taxonomy":"product_tag","embeddable":true,"href":"https:\/\/www.embalafacil.es\/index.php?rest_route=%2Fwp%2Fv2%2Fproduct_tag&post=4356"}],"curies":[{"name":"wp","href":"https:\/\/api.w.org\/{rel}","templated":true}]}}

Caja Capot o Portón

<p>Dale al play para ver el montaje de la caja:</p>
<div style="width: 1200px;" class="wp-video"><video class="wp-video-shortcode" id="video-4356-1" width="1200" height="675" preload="metadata" controls="controls"><source type="video/mp4" src="https://embalafacil.es/wp-content/uploads/capot-porton-.mp4?_=1" /><a href="https://embalafacil.es/wp-content/uploads/capot-porton-.mp4">https://embalafacil.es/wp-content/uploads/capot-porton-.mp4</a></video></div>
<p>Este tamaño de caja es adecuado para multiusos.</p>
<p>Nuestras cajas de cartón son reciclables, con reutilización de materiales.</p>
<p><b>Ventajas</b></p>
<ul>
<li>Calidad constante</li>
<li>Alto gramaje</li>
<li>Diseño compacto</li>
<li>Formatos especiales y sobreimpresión disponibles a demanda, ¡llámenos!</li>
</ul>
<p><strong>Material:</strong></p>
<ul>
<li>Cartón ondulado de 2 ondas</li>
<li><strong>Cierre</strong> de solapas con <strong>cinta adhesiva</strong>.</li>
</ul>
<p><img decoding="async" class="aligncenter wp-image-4358 size-medium_large" src="https://embalafacil.es/wp-content/uploads/capotppal-768x576.jpg" alt="" width="100%" /></p>

<p><img loading="lazy" decoding="async" class="size-medium wp-image-4253 alignleft" src="https://embalafacil.es/wp-content/uploads/logo-producto-463x400.png" alt="" width="119" height="102" /></p>
<p><strong>Esta caja ha sido comprobada  </strong></p>
<p><strong>por empresas del sector automovilístico.</strong></p>
<p>&nbsp;</p>
<p>&nbsp;</p>
<ul>
<li>Ideal para capos , portones y tapicería</li>
<li>Medida lineal 3,15m</li>
<li>Volumen cúbico total 0,516m3</li>
<li>La caja es modificable</li>
<li>Alto gramaje</li>
<li>Diseño compacto</li>
<li>100% reciclable</li>
</ul>

<!-- This site is optimized with the Yoast SEO plugin v24.9 - https://yoast.com/wordpress/plugins/seo/ -->
<title>Caja Capot o Portón - Cajas</title>
<meta name="robots" content="index, follow, max-snippet:-1, max-image-preview:large, max-video-preview:-1" />
<link rel="canonical" href="https://www.embalafacil.es/?product=caja-para-capot-porton" />
<meta property="og:locale" content="es_ES" />
<meta property="og:type" content="article" />
<meta property="og:title" content="Caja Capot o Portón - Cajas" />
<meta property="og:description" content="Esta caja ha sido comprobada    por empresas del sector automovilístico.  &nbsp;  &nbsp;   Ideal para capos , portones y tapicería  Medida lineal 3,15m  Volumen cúbico total 0,516m3  La caja es modificable  Alto gramaje  Diseño compacto  100% reciclable" />
<meta property="og:url" content="https://www.embalafacil.es/?product=caja-para-capot-porton" />
<meta property="og:site_name" content="Cajas" />
<meta property="article:modified_time" content="2023-07-11T15:26:54+00:00" />
<meta property="og:image" content="https://www.embalafacil.es/wp-content/uploads/porton2.jpg" />
	<meta property="og:image:width" content="2016" />
	<meta property="og:image:height" content="1512" />
	<meta property="og:image:type" content="image/jpeg" />
<meta name="twitter:card" content="summary_large_image" />
<script type="application/ld+json" class="yoast-schema-graph">{"@context":"https://schema.org","@graph":[{"@type":"WebPage","@id":"https://www.embalafacil.es/?product=caja-para-capot-porton","url":"https://www.embalafacil.es/?product=caja-para-capot-porton","name":"Caja Capot o Portón - Cajas","isPartOf":{"@id":"https://www.embalafacil.es/#website"},"primaryImageOfPage":{"@id":"https://www.embalafacil.es/?product=caja-para-capot-porton#primaryimage"},"image":{"@id":"https://www.embalafacil.es/?product=caja-para-capot-porton#primaryimage"},"thumbnailUrl":"https://www.embalafacil.es/wp-content/uploads/porton2.jpg","datePublished":"2022-06-14T08:58:06+00:00","dateModified":"2023-07-11T15:26:54+00:00","breadcrumb":{"@id":"https://www.embalafacil.es/?product=caja-para-capot-porton#breadcrumb"},"inLanguage":"es","potentialAction":[{"@type":"ReadAction","target":["https://www.embalafacil.es/?product=caja-para-capot-porton"]}]},{"@type":"ImageObject","inLanguage":"es","@id":"https://www.embalafacil.es/?product=caja-para-capot-porton#primaryimage","url":"https://www.embalafacil.es/wp-content/uploads/porton2.jpg","contentUrl":"https://www.embalafacil.es/wp-content/uploads/porton2.jpg","width":2016,"height":1512},{"@type":"BreadcrumbList","@id":"https://www.embalafacil.es/?product=caja-para-capot-porton#breadcrumb","itemListElement":[{"@type":"ListItem","position":1,"name":"Portada","item":"https://www.embalafacil.es/"},{"@type":"ListItem","position":2,"name":"Tienda","item":"https://www.embalafacil.es/?page_id=6"},{"@type":"ListItem","position":3,"name":"Caja Capot o Portón"}]},{"@type":"WebSite","@id":"https://www.embalafacil.es/#website","url":"https://www.embalafacil.es/","name":"Cajas","description":"Cartonajes y servicios de packaging","potentialAction":[{"@type":"SearchAction","target":{"@type":"EntryPoint","urlTemplate":"https://www.embalafacil.es/?s={search_term_string}"},"query-input":{"@type":"PropertyValueSpecification","valueRequired":true,"valueName":"search_term_string"}}],"inLanguage":"es"}]}</script>
<!-- / Yoast SEO plugin. -->

Caja Capot o Portón - Cajas

Esta caja ha sido comprobada    por empresas del sector automovilístico.  &nbsp;  &nbsp;   Ideal para capos , portones y tapicería  Medida lineal 3,15m  Volumen cúbico total 0,516m3  La caja es modificable  Alto gramaje  Diseño compacto  100% reciclable
